pose 3*d + 411 + 15 = 0. Let j = d - -233. What is the tens digit of j?
9
Let l be -6*(-8)/12 - 4. Suppose l = r - 12 - 0. What is the units digit of r?
2
Suppose -6*v + 142 = -14. What is the tens digit of v?
2
Let l(s) = 38*s - 1. Let g be l(1). Let p = -6 + g. What is the units digit of p?
1
Let m(l) be the third derivative of -71*l**4/24 + 5*l**3/6 + 31*l**2. What is the units digit of m(-1)?
6
Let u(j) = 156*j - 494. What is the thousands digit of u(23)?
3
Suppose 0 = 5*q + 10 - 115. What is the hundreds digit of (-3)/(-9) - (-4697)/q?
2
What is the hundreds digit of (-13)/(-6) - 2 - 56030/(-60)?
9
Suppose b + 4*x = 117, 5*b - x - 755 + 107 = 0. Let f = b + -72. What is the units digit of f?
7
Suppose 12*i - 995 = 7*i. What is the hundreds digit of i?
1
What is the hundreds digit of (18 - 19)/((-2)/2902)?
4
Suppose 0 = -4*q + 7*q - 96. Suppose 2*u = 6*u - q. Let h = u - -6. What is the tens digit of h?
1
Suppose 4*k = k + 66. Suppose 2*f - k = -2*h + 6*h, -4*h = -4*f + 36. What is the units digit of f?
7
Let f = -210 + 606. What is the tens digit of f?
9
Let r = -69 - -168. Let f = r + -46. What is the units digit of f?
3
Let j = 24 - 31. Let k = j + 7. Suppose k = 4*f + 8, -2*f = -2*p + f + 60. What is the tens digit of p?
2
Suppose m = -0*m - 15. Suppose 0 = 5*l - 4*f - 145, -2*f = 10 - 0. Let j = l + m. What is the tens digit of j?
1
What is the units digit of -4 - (11 - 15) - -304?
4
Let z(a) = -a**3 + 11*a**2 + a - 14. Let s be z(11). Let j = s + 5. Suppose -2*p + j = -6. What is the units digit of p?
4
Let k(p) = 149*p - 161*p + 3*p**2 - 2*p**2 + 13. Let z be k(11). Suppose -z*a = -15 - 63. What is the units digit of a?
9
Suppose 0*r - 8 = -4*r. Suppose x + 62 = r*x. Let f = 105 - x. What is the tens digit of f?
4
Suppose -5*a - d + 215 = -140, 0 = 3*d. What is the units digit of a?
1
What is the tens digit of (28/10)/(8/1560)?
4
Let m = -1 + -128. Let f = 189 + m. What is the units digit of f?
0
Let g be ((-4)/4)/((-1)/5). Let p(m) = -m**3 - 10*m**2 + 11*m. Let f be p(-11). Suppose f*d + g*d - 110 = 0. What is the tens digit of d?
2
Suppose 0 = -2*v + 4, 294 - 35 = y + v. What is the hundreds digit of y?
2
Suppose 0 = 4*d + 3*n - 627, -8 - 1 = 3*n. Suppose -51 - d = -7*u. What is the tens digit of u?
3
Let o(z) be the first derivative of z**4/4 - 5*z**3 + 2*z**2 + 6*z - 11. What is the tens digit of o(15)?
6
Let t = -22 - -25. Suppose -4*d + 255 = d - 5*i, -5*d + 223 = t*i. What is the tens digit of d?
4
Let b(q) = -q**3 - 23*q**2 + 9*q - 30. What is the tens digit of b(-28)?
3
Suppose -486 = -3*l + l - 5*p, -l = 4*p - 249. What is the hundreds digit of l?
2
Let u = -156 + 375. Suppose 0 = -28*g + 29*g - u. What is the hundreds digit of g?
2
Suppose 4*n + 186 = t + 529, n - 112 = -5*t. What is the units digit of n?
7
Suppose -5*b = -78 - 27. Let k(r) = r**2 - 16*r - 7. What is the units digit of k(b)?
8
Let l be 7*50/6*3. Suppose -73 = -4*n + l. What is the units digit of n?
2
Suppose -4*i + 0*h + 130 = -2*h, -5*h = 4*i - 165. Suppose -4*g - g = 5*s - 65, -3*g = 4*s - i. Suppose 0 = 4*j - 73 + g. What is the units digit of j?
4
Let w(y) = -3*y + 15. Let o be w(-7). Let g be ((-4)/3)/((-24)/o). Suppose 5*n + 5*f - 295 = 0, g*n + 3*f = -3*n + 295. What is the tens digit of n?
5
Suppose 0 = 4*u - 20, -5*u + 3400 = 4*c - 5757. What is the tens digit of c?
8
Let h(t) = t**3 - 3*t**2 - 2. Let a be h(4). Let l = 14 - a. Suppose l = 3*w - 8*w + 25. What is the units digit of w?
5
Let w(g) = 3*g + 31. Let f be w(-6). Suppose -5*s - 3 = -8. Let r = s + f. What is the tens digit of r?
1
Let m(g) = -g**2 - g + 4. Let u be m(-3). What is the units digit of u*-6*(-10)/(-8)?
5
Suppose 3*d + 3 = 0, -6 = -5*s + 2*d + 21. Suppose 5*z + 97 = 3*v - 0*v, -s*v - 3*z = -139. Suppose -2*y + v = -5. What is the units digit of y?
7
Suppose -4520 + 22712 = 24*k. What is the units digit of k?
8
Let s = 854 + -745. What is the units digit of s?
9
Let l = -240 - -77. Let j = l - -231. What is the tens digit of j?
6
Let p = -23 - -14. Let k(g) = g**3 + 2*g**2 - 2*g - 6. Let d be k(-4). Let q = p - d. What is the units digit of q?
1
Let r be 582 - -6 - (-1 + -6 - -3). Suppose r = 3*n + 178. What is the hundreds digit of n?
1
Suppose -b - 5*m = -136, -4*m = b - 2*m - 142. Let y = 19 - 9. Suppose -4*v + b = -y. What is the tens digit of v?
3
Suppose -32*t + 5 = -27*t. Suppose 0 = -o + 2*z - 1 + 9, -4*o = 3*z + t. Suppose 0 = o*g - 4*g + 48. What is the units digit of g?
4
Let x be 1 + 778/(6/3). What is the hundreds digit of 8/(-3)*1*x/(-4)?
2
Suppose -5*c = -0*c - 10. Suppose -c*d + 20 = 4*k, 0*k = 2*d - 2*k + 10. Suppose d = z, -y = y - 2*z - 20. What is the units digit of y?
0
Let a(h) = -h**3 + 12*h**2 + 10*h - 15. Let b be a(13). Let l = b - -75. What is the tens digit of l?
2
Let y(c) = -c**3 - 3*c**2 - 4*c - 3. Let t be y(-2). Suppose -2*f + 9 - t = 0. Suppose 4*d - 36 + 4 = f*z, 0 = -5*z. What is the units digit of d?
8
Let k(a) = -7*a**3 + 4*a**2 - 3*a + 9. What is the hundreds digit of k(-4)?
5
Let z(j) = -j**3 + 13*j**2 - 17*j - 15. Let b(q) = 3*q**3 - 39*q**2 + 50*q + 45. Let s(i) = 2*b(i) + 7*z(i). What is the units digit of s(11)?
8
Let m be 321/(-2) + (-9)/6. Let c = 234 + m. Suppose -2*n + c = -2*o, -2*o - 4 = -6*o. What is the units digit of n?
7
Suppose -3*f = 4*o - 7*f, 5*o - 24 = -f. Let d(j) = j**2 + 6*j + 5. Let u be d(-5). Suppose u*q - o = -q. What is the units digit of q?
4
Suppose 2 = -2*o + 5*a, -5*a + 21 = o - 2*a. Suppose -4*x = -o*x + 30. What is the units digit of (-2)/(-5)*150/x?
0
Let j(c) = c**2 + 21*c - 80. What is the hundreds digit of j(33)?
7
Let q be 2/(-13) + (-101420)/(-130). Suppose -2*z - q = -14*z. What is the units digit of z?
5
Let u be 2 + 0*(-5)/(-25). Let a(k) = k**3 + 4*k**2 + 2. What is the tens digit of a(u)?
2
Suppose 3242 = -2*c + 9450. What is the hundreds digit of c?
1
Let x be 1/3 + 2622/(-9). Let s = -157 - x. What is the hundreds digit of s?
1
Let v = -16 - -9. Let b = v + 10. Suppose -b*u + 6*u - 3 = 0. What is the units digit of u?
1
Let d(k) = -2*k + 12. Let h be d(5). Suppose -h*n - 2002 = -15*n. What is the hundreds digit of n?
1
Let v = -606 + 1483. What is the units digit of v?
7
Let r(k) = -3*k + 5. Let a be r(0). Suppose -5*n - a*n + 290 = 0. What is the units digit of n?
9
Let s be (-2 + 5)/((-9)/6). Let z be s/(-8) + (-36)/16. What is the units digit of ((-216)/32)/(z/16)?
4
Suppose -5*o + 8*o - 15 = 0. Suppose -o*d - 5 = 5. What is the units digit of ((-7)/d)/((-4)/(-8))?
7
Let w(u) = -3*u**2 + 6*u - 1. Suppose 0*b + 3*b = -15, 3*h + 8 = -4*b. Let a be w(h). Let p = a + 29. What is the units digit of p?
4
What is the units digit of (3/2)/(96/64)*1405?
5
Let d be (6/21 - 12646/14)/(-1). Suppose 3*w = -4*g + g + d, w = 4*g - 1204. What is the units digit of g?
1
What is the hundreds digit of 9620/(-5)*(-55)/22?
8
Let d(q) = -48*q**2 + 2*q - 2. Let o be d(1). Let s = 0 - o. What is the tens digit of s?
4
Suppose 54*v - 75381 - 67449 = 0. What is the thousands digit of v?
2
Let k be (-3 - 166)/(-1) - -3. Let m be -113 + 3*(-5)/3. Let z = m + k. What is the units digit of z?
4
Let a(i) = -3*i**2 + 4*i + 5. Let j be a(4). Let o = 20 + j. Let f(w) = -w**2 - 8*w + 14. What is the tens digit of f(o)?
2
Suppose 453 = 7*h - 6*h. What is the hundreds digit of h?
4
Suppose 37 = 3*p + 28. What is the units digit of p?
3
Let u = 17 - -145. Let c = 107 - u. Let h = c - -82. What is the tens digit of h?
2
Suppose 0 = 7*k - 6*k + 3*u - 5, 5*k + 29 = 3*u. What is the tens digit of 3 + 8/k + 48?
4
Let r = -6 - -9. Suppose -95 = -2*p - n, -r*p - 4*n + 38 + 112 = 0. Suppose 116 = 5*c - i, 2*c - 5*i - 5 - p = 0. What is the tens digit of c?
2
Suppose 4*q - 884 = -2*k, -2*q + 3*k + 426 = -0*q. What is the hundreds digit of q?
2
Let l = -31 + 92. Suppose -3*g = 4*s - 414, -3*s - 4*g + l = -246. What is the units digit of s?
5
Let s(v) = 10*v**2 + v - 1. Suppose x + 5 = 6*x. Let h be s(x). What is the units digit of -7 + h - (-35 - 0)?
8
Let r = -8 + 11. Suppose -o - r*s - 12 = 0, 5*o = 2*o + 4*s + 29. Suppose o*a = 207 - 48. What is the units digit of a?
3
Let n = 15 - 16. Let g = 1 - n. What is the units digit of (147/6 - g)*2?
5
Suppose -2*z + 366 = 4*z. Let u = z + -39. What is the units digit of u?
2
Let q = 53